{"id":15,"date":"2025-11-08T19:45:40","date_gmt":"2025-11-08T18:45:40","guid":{"rendered":"https:\/\/ref37.fr\/?page_id=15"},"modified":"2025-11-10T19:18:35","modified_gmt":"2025-11-10T18:18:35","slug":"les-projets","status":"publish","type":"page","link":"https:\/\/rct37.fr\/index.php\/les-projets\/","title":{"rendered":"Les Projets en cours"},"content":{"rendered":"\n<div class=\"wp-block-columns alignwide is-layout-flex wp-container-core-columns-is-layout-28f84493 wp-block-columns-is-layout-flex\">\n<div class=\"wp-block-column is-layout-flow wp-block-column-is-layout-flow\">\n<h2 class=\"wp-block-heading has-text-align-center has-text-color has-link-color wp-elements-7515f797fa3ce74ed48988a69fe9b91a\" style=\"color:#0e00ff\"><strong>Sur cette Page vous pouvez retrouver tous les projets en cours et termin\u00e9s du Radio Club.<\/strong><\/h2>\n\n\n\n<hr class=\"wp-block-separator has-alpha-channel-opacity\"\/>\n\n\n\n<h2 class=\"wp-block-heading\"><strong>Remise en \u00e9tat de\u00a0la force 12\u00a0pour le club<\/strong><\/h2>\n\n\n\n<div class=\"wp-block-cb-carousel-v2 alignwide cb-carousel-block cb-single-slide\" data-cb-slides-per-view=\"1\" data-cb-slides-per-group=\"1\" data-cb-space-between=\"0\" data-cb-speed=\"300\" data-cb-navigation=\"true\" data-cb-pagination=\"true\" data-cb-loop=\"true\" data-cb-autoplay=\"true\" data-cb-autoplay-speed=\"3000\" data-cb-breakpoints=\"{&quot;768&quot;:{&quot;slidesPerView&quot;:1,&quot;slidesPerGroup&quot;:1}}\"><div class=\"swiper\"><div class=\"cb-wrapper swiper-wrapper\">\n<div class=\"wp-block-cb-slide-v2 cb-slide swiper-slide\">\n<figure class=\"wp-block-image size-full\"><img loading=\"lazy\" decoding=\"async\" width=\"2560\" height=\"998\" src=\"https:\/\/ref37.fr\/wp-content\/uploads\/2025\/11\/20230303_214149-scaled.jpg\" alt=\"\" class=\"wp-image-309\" srcset=\"https:\/\/rct37.fr\/wp-content\/uploads\/2025\/11\/20230303_214149-scaled.jpg 2560w, https:\/\/rct37.fr\/wp-content\/uploads\/2025\/11\/20230303_214149-300x117.jpg 300w, https:\/\/rct37.fr\/wp-content\/uploads\/2025\/11\/20230303_214149-1024x399.jpg 1024w, https:\/\/rct37.fr\/wp-content\/uploads\/2025\/11\/20230303_214149-768x300.jpg 768w, https:\/\/rct37.fr\/wp-content\/uploads\/2025\/11\/20230303_214149-1536x599.jpg 1536w, https:\/\/rct37.fr\/wp-content\/uploads\/2025\/11\/20230303_214149-2048x799.jpg 2048w\" sizes=\"auto, (max-width: 2560px) 100vw, 2560px\" \/><\/figure>\n<\/div>\n\n\n\n<div class=\"wp-block-cb-slide-v2 cb-slide swiper-slide\">\n<figure class=\"wp-block-image size-full\"><img loading=\"lazy\" decoding=\"async\" width=\"2560\" height=\"998\" src=\"https:\/\/ref37.fr\/wp-content\/uploads\/2025\/11\/20230303_214142-scaled.jpg\" alt=\"\" class=\"wp-image-308\" srcset=\"https:\/\/rct37.fr\/wp-content\/uploads\/2025\/11\/20230303_214142-scaled.jpg 2560w, https:\/\/rct37.fr\/wp-content\/uploads\/2025\/11\/20230303_214142-300x117.jpg 300w, https:\/\/rct37.fr\/wp-content\/uploads\/2025\/11\/20230303_214142-1024x399.jpg 1024w, https:\/\/rct37.fr\/wp-content\/uploads\/2025\/11\/20230303_214142-768x300.jpg 768w, https:\/\/rct37.fr\/wp-content\/uploads\/2025\/11\/20230303_214142-1536x599.jpg 1536w, https:\/\/rct37.fr\/wp-content\/uploads\/2025\/11\/20230303_214142-2048x799.jpg 2048w\" sizes=\"auto, (max-width: 2560px) 100vw, 2560px\" \/><\/figure>\n<\/div>\n<\/div><\/div><div class=\"cb-pagination swiper-pagination\"><\/div><div class=\"cb-button-prev swiper-button-prev\"><\/div><div class=\"cb-button-next swiper-button-next\"><\/div><\/div>\n\n\n\n<p><strong><em>07\/03\/2023<\/em><\/strong><\/p>\n<\/div>\n<\/div>\n\n\n\n<hr class=\"wp-block-separator has-alpha-channel-opacity\"\/>\n\n\n\n<div class=\"wp-block-columns alignwide is-layout-flex wp-container-core-columns-is-layout-28f84493 wp-block-columns-is-layout-flex\">\n<div class=\"wp-block-column is-layout-flow wp-block-column-is-layout-flow\">\n<h2 class=\"wp-block-heading\"><strong><strong>Emission et R\u00e9ception QO100<\/strong><\/strong><\/h2>\n\n\n\n<p><strong>A venir :<\/strong><\/p>\n\n\n\n<p><strong>Mise en place de la station r\u00e9ceptrice avec une pc capable d&rsquo;encoder la vid\u00e9o avec une webcam et OBS<\/strong><\/p>\n\n\n\n<p><strong>Installation de 2 Paraboles sur le toit<\/strong><\/p>\n\n\n\n<p><strong><em>01\/07\/2022<\/em><\/strong><\/p>\n<\/div>\n<\/div>\n\n\n\n<hr class=\"wp-block-separator has-alpha-channel-opacity\"\/>\n\n\n\n<div class=\"wp-block-columns alignwide is-layout-flex wp-container-core-columns-is-layout-28f84493 wp-block-columns-is-layout-flex\">\n<div class=\"wp-block-column is-layout-flow wp-block-column-is-layout-flow\">\n<h2 class=\"wp-block-heading\"><strong><strong><strong>R\u00e9ception des Images Satellites M\u00e9t\u00e9o Analogique\u00a0et num\u00e9rique (Noaa et meteor)<\/strong><\/strong><\/strong><\/h2>\n\n\n\n<p><strong>A venir :<\/strong><\/p>\n\n\n\n<p><strong>Fabrication d&rsquo;une antenne 137 Mhz<\/strong><\/p>\n\n\n\n<p><strong>Mise en place du d\u00e9codage des signaux analogiques\/num\u00e9riques avec une cl\u00e9 SDR<\/strong><\/p>\n\n\n\n<p><strong>Envoi des images Automatiques sur le site<\/strong><\/p>\n\n\n\n<p>08\/06\/2022<\/p>\n<\/div>\n<\/div>\n\n\n\n<hr class=\"wp-block-separator has-alpha-channel-opacity\"\/>\n","protected":false},"excerpt":{"rendered":"<p>Sur cette Page vous pouvez retrouver tous les projets en cours et termin\u00e9s du Radio Club. Remise en \u00e9tat de\u00a0la force 12\u00a0pour le club 07\/03\/2023 Emission et R\u00e9ception QO100 A venir : Mise en place de la station r\u00e9ceptrice avec une pc capable d&rsquo;encoder la vid\u00e9o avec une webcam et OBS Installation de 2 Paraboles [&hellip;]<\/p>\n","protected":false},"author":1,"featured_media":0,"parent":0,"menu_order":0,"comment_status":"closed","ping_status":"closed","template":"","meta":{"footnotes":""},"class_list":["post-15","page","type-page","status-publish","hentry"],"jetpack_sharing_enabled":true,"_links":{"self":[{"href":"https:\/\/rct37.fr\/index.php\/wp-json\/wp\/v2\/pages\/15","targetHints":{"allow":["GET"]}}],"collection":[{"href":"https:\/\/rct37.fr\/index.php\/wp-json\/wp\/v2\/pages"}],"about":[{"href":"https:\/\/rct37.fr\/index.php\/wp-json\/wp\/v2\/types\/page"}],"author":[{"embeddable":true,"href":"https:\/\/rct37.fr\/index.php\/wp-json\/wp\/v2\/users\/1"}],"replies":[{"embeddable":true,"href":"https:\/\/rct37.fr\/index.php\/wp-json\/wp\/v2\/comments?post=15"}],"version-history":[{"count":0,"href":"https:\/\/rct37.fr\/index.php\/wp-json\/wp\/v2\/pages\/15\/revisions"}],"wp:attachment":[{"href":"https:\/\/rct37.fr\/index.php\/wp-json\/wp\/v2\/media?parent=15"}],"curies":[{"name":"wp","href":"https:\/\/api.w.org\/{rel}","templated":true}]}}